 - 4)).
-2
Evaluate (-1 - -8) + -4 - 1.
2
16 + -2 + (-29 - -22)
7
-5 + 5 + -2 + 0
-2
What is 13 + 8 + -16 + -4?
1
-1 + (2 - 4) - -5 - -3
5
Calculate 3 + -5 - -1 - 0.
-1
What is the value of 2 + 1 + -4 + -6 + 2?
-5
(10 - 4) + -3 + -5 - -3
1
What is 5 + 5 + (0 - (-3 + 8))?
5
-3 - (-4 - (-2 + 5))
4
What is the value of -17 + 19 - (7 - 2 - -1)?
-4
Calculate -1 + -6 + -6 + 14.
1
Evaluate -7 - (1 + 1 - (4 - 0)).
-5
What is -4 + -2 - -8 - (3 - 0)?
-1
(-2 - (3 - 2)) + -1
-4
What is -8 + (2 - -5 - 0)?
-1
What is the value of (1 + 1 - -4) + -2?
4
10 - 18 - (0 - 4)
-4
-6 - -10 - (5 - 1)
0
What is (-3 - (6 + -3)) + 2 + 11?
7
What is the value of (-6 - -1) + 3 - (0 + -3)?
1
What is the value of 3 + -6 + 2 - 1 - -1?
-1
1 - (-2 + 3 - 0)
0
Calculate -11 + 16 + -14 - -4.
-5
Evaluate -9 - (-15 + (-10 - -8)).
8
What is the value of 0 + (-7 + 2 - -2)?
-3
Calculate -5 - (-11 + -2) - 5.
3
Evaluate 11 - (3 + (-4 - -14)).
-2
What is the value of 5 + 1 + -5 + 5 + -5?
1
What is 2 - ((1 - 5) + 10 + -1)?
-3
Evaluate -3 - (2 + -2) - (-1 - 0).
-2
What is -1 + 5 - 7 - -8?
5
(6 - 6) + 7 + (6 - 19)
-6
What is the value of 1 + ((0 - -1) + -9 - -5)?
-2
-4 + 14 - (2 - -3)
5
What is the value of 2 + -3 + 7 + -9 + 1?
-2
Calculate (-3 + 3 - 1) + (7 - 2).
4
What is -3 + (-1 - 0) - (5 + -4)?
-5
What is the value of (0 - 8) + 7 + 3 - 8?
-6
What is -1 + (4 - 4 - -5) + -3?
1
What is the value of 1 - (6 + 2 + 2 + -7)?
-2
What is the value of 5 - 1 - -3 - 3?
4
Evaluate -1 + (9 - 7) + -2.
-1
What is -1 + (9 - 4) + -6?
-2
Evaluate 9 + 10 + -15 + 3.
7
(-6 - 0 - -2) + (4 - -1)
1
What is the value of (-5 - -2) + -4 + 9 - -1?
3
Evaluate 8 - (5 - (3 + -4 + 4)).
6
Evaluate 5 - (6 + -2 + 2).
-1
Evaluate 8 + -10 + 0 + -1.
-3
Evaluate -18 - (-21 + 3 + 7).
-7
Evaluate (44 - 39) + (-9 - -1).
-3
Calculate 7 - (-7 - -12) - 3.
-1
Evaluate 16 + (-5 - (-10 + 14)).
7
What is -2 + (3 - (-13 + 8))?
6
Calculate -3 + (-3 - -4) - 0.
-2
Evaluate -2 + -4 + -9 + 13.
-2
2 + -9 - (4 - (12 + -5))
-4
Calculate 2 - (6 - 2) - -2.
0
Evaluate (-2 - 0 - -4) + (0 - 5).
-3
What is the value of -3 + (3 - 13) - -13?
0
Calculate 3 + -5 - (-1 - (0 + 1)).
0
What is -1 + 3 + (-3 - 1 - -4)?
2
What is -1 + -1 + -4 + 3 + -1?
-4
What is the value of 1 + (2 - 4) - 3?
-4
What is -2 + -2 + -1 + 5?
0
What is the value of -4 + (0 - (1 - (1 + 1)))?
-3
What is 3 + (2 - 6) + 6?
5
Calculate -7 + (14 - 6 - 3).
-2
What is the value of 3 + -3 + (8 - (9 - 0))?
-1
Evaluate 1 + 2 + (-6 - -5 - -2).
4
111 + -117 - (0 - -1)
-7
Evaluate 4 - -2 - 4 - 1.
1
Evaluate 6 + (-22 - -11) + -2.
-7
What is 12 + 7 + -18 + 6?
7
Calculate -6 + (6 + -8 - (-1 + 2)).
-9
What is -5 - (-2 + 4 - 2)?
-5
10 + -13 + 1 - -4
2
Evaluate 1 + 1 + 1 + -3.
0
Calculate (4 - (0 - -3) - 1) + -2.
-2
What is the value of (-7 - -4) + (0 - -4) + -2?
-1
What is (-8 - 3) + 30 + -22?
-3
Calculate 4 - (1 - (4 + -7 + 0)).
0
(5 - 1) + 2 + (8 - 11)
3
Calculate (-1 - -2) + (-14 + 39 - 18).
8
13 + -8 + (11 - 18)
-2
What is the value of -2 + -2 + 2 - (2 + -6)?
2
What is the value of 12 + (-1 - 8 - -2)?
5
Evaluate 5 + (-4 - (3 - 2)).
0
Calculate (1 - -1) + -6 + 1.
-3
Evaluate (-3 - -15) + -7 + -8.
-3
What is the value of (0 - (-2 - -6)) + -1?
-5
What is (6 - (-4 + 2)) + -18 + 14?
4
What is (4 - 14) + 12 + -8?
-6
What is the value of 2 + -16 - (6 + (1 - 15))?
-6
What is 2 - 10 - (16 + -18)?
-6
What is the value of (-9 - (-14 + 0)) + 3?
8
(8 - 6) + 0 + 1
3
What is (10 - 17) + -3 + 2 + 2?
-6
What is 12 + -4 + (20 - 11) + -22?
-5
Evaluate -11 + 4 + 11 - 6.
-2
Evaluate 4 + (-7 - 4) + -4 + 9.
-2
What is 37 + -37 - (1 - 1 - 2)?
2
What is -2 - (0 - 0 - (2 + -1))?
-1
7 - (6 - -8) - -4
-3
(2 - -14) + 3 + -1 + -9
9
Calculate (17 - 10) + (-3 - 0).
4
What is the value of -3 + (1 - (10 - 8))?
-4
What is the value of (0 - 3) + -1 + 23 + -12?
7
What is (-2 - -6) + 11 + -11?
4
What is 13 + (-8 - -4) - 7?
2
What is (-2 - 1) + (40 + -18 - 13)?
6
Evaluate -2 - (9 + (10 - 6) + -10).
-5
Evaluate 2 - (12 + -6) - -4.
0
Evaluate (-1 - -4) + -1 + -101 + 92.
-7
-8 + 2 + (-14 - -12)
-8
What is -4 + 2 + 0 + (0 - -1)?
-1
What is 1 + -1 + (-3 - -7) - 3?
1
What is (7 - 1) + -10 + (5 - 0)?
1
-1 - (1 + 1 + 5)
-8
What is -1 + (0 - 2) + (7 - 3)?
1
Calculate -6 + -5 + (-1 - -7).
-5
What is -4 - (-3 - 2) - 3?
-2
What is (0 - (1 + -1 - -1)) + -4?
-5
2 + -4 - -5 - 4
-1
Evaluate 9 + (5 + -2 - 5) + -3.
4
What is the value of (-8 - -6) + (-6 - -2 - -7)?
1
-5 - ((8 - 10) + 0)
-3
Evaluate -10 + 0 + (90 - 82).
-2
What is the value of -15 + 7 + 4 - -10?
6
Calculate -1 + -3 - (2 - 4).
-2
What is the value of (-4 - -1 - (-2 - 1)) + 5?
5
What is 5 + 1 + -2 + -3 + 1?
2
Calculate 5 + -19 - (-16 + 10).
-8
0 + -3 + 1 + 1
-1
(11 - (-7 - -6) - 0) + -3
9
What is the value of 10 + 8 + -17 + -2 + 10?
9
-1 + 6 + (-11 - (-1 - 7))
2
Calculate 11 - 11 - (-2 + -2 + 9).
-5
What is -1 + -4 + (-3 - -3 - -2)?
-3
Calculate 2 + -3 - (0 - -3).
-4
Evaluate 2 + (2 - 3) + (-11 - -6).
-4
What is 6 + 5 + -1 + -6?
4
Evaluate (-35 - -30) + 3 + -1.
-3
What is the value of -3 + 1 + 5 - (5 - 1)?
-1
Calculate -13 + 10 + -1 + 8 + -1.
3
Evaluate -11 + 5 + 3 + 1.
-2
Calculate (-1 - (4 - 11)) + (9 - 15).
0
What is 3 - (6 + (2 - (3 + -2)))?
-4
Evaluate 8 - ((-14 - -6) + 9).
7
What is (-6 - -6) + -2 + 2 + 2?
2
0 + -3 - (-9 - (-2 + 1))
5
Evaluate -8 + (4 - -5) - 3.
-2
Evaluate 2 + -10 - (8 + -11).
-5
Calculate -2 - (1 - (-3 + 13) - -2).
5
Calculate -4 - (3 + -4) - -3.
0
What is -2 - (-2 - -1) - (-2 + 0)?
1
What is -10 - (1 - (-11 - -19))?
-3
18 + -22 + (0 - -6)
2
What is the value of -4 + 9 - 16 - -19?
8
What is -1 + (1 - 2) + 0 + -3?
-5
Calculate (-2 - 0) + -2 - -5 - 1.
0
Evaluate (1 - -1 - 6) + (3 - 0).
-1
What is 10 - 7 - ((-2 - 0) + 2)?
3
Calculate 4 + -4 + 3 + (-2 - 3).
-2
Evaluate -4 - (5 - (-2 - -13)).
2
What is -2 - ((4 - 0) + -2)?
-4
Evaluate (-4 - -5) + (0 - -1) - 6.
-4
Calculate 6 + -3 + -1 - -1.
3
0 - (1 - (2 - 4 - -4))
1
What is the value of 0 + 2 - (-7 - -4 - -5)?
0
What is 6 + -9 + 15 + -19?
-7
Calculate 5 - 4 - 9 - -4.
-4
Calculate (-8 - -3) + -4 + (4 - -4).
-1
Calculate 0 + -7 - (-17 - -7).
3
0 + 0 + 11 + 4 + -8
7
What is -10 - (6 - (-2 + 10))?
-8
2 - (-1 - (3 + 0 + -10))
-4
Evaluate -6 + 1 - (57 - 61).
-1
What is (6 - (-1 - 0)) + -14 + 11?
4
Evaluate -5 + 9 - -2 - -1.
7
Calculate (7 - 7 - 4) + 9.
5
What is the value of -190 + 178 - (-9 + 0)?
-3
What is the value of -1 - -1 - (9 + -7 + -6)?
4
What is -1 + -2 - (6 + -16 + 4)?
3
Evaluate 6 + 1 + -16 + 12.
3
What is 7 + -2 + (0 - 0)?
5
What is 2 + 0 + -1 - (10 + -4)?
-5
Calculate 0 + -4 - ((-12 - -3) + 7).
-2
Calculate -2 + 7 + 59 + -64.
0
(-9 - -3) + (-3 - -3 - -1)
-5
4 - (-6 - -7) - 1
2
Evaluate 8 - 18 - (-9 + 6).
-7
What is the value of -6 + 11 + -9 + 4?
0
Evaluate 0 + 3 + -2 + 3.
4
What is -35 + 43 + -17 + 0?
-9
What is -6 + 14 + 1 + -3 - 3?
3
What is (1 - 4) + (-12 - (8 - 29))?
6
Calculate -9 - (-7 - (-14 - -7)).
-9
Evaluate 10 + (6 - 17) - 7.
-8
Calculate 0 + 1 + 6 - (-46 + 51).
2
What is 2 - (1 + 8 + -6)?
-1
What is the value of 2 + 7 - (-15 + 21)?
3
What is -7 + 19 + (-9 - -1)?
4
Evaluate 8 + -1 - (7 - (9 + -4)).
5
Calculate (2 - 2) + (-4 - (-2 - 2)).
0
1 + (8 - (8 + (-3 - 2)))
6
5 + -2 + (3 - (5 + 3))
-2
(-1 - 6) + (0 - (2 - 6))
-3
Evaluate 3 - (-2 - -3) - 3.
-1
What is the value of 0 + 2 + 1 + (-4 - -1)?
0
What is the value of (6 + -2 - 3) + -2 + -2?
-3
Evaluate 0 + 12 + (-303 - -292).
1
What is the value of -8 - (22 + -9 + -15)?
-6
(8 - 3) + 2 + -5
2
What is the value of -2 + 7 + 18 + -13?
10
What is (25 - 31 - (0 + -7)) + 4?
5
What is the value of (2 - (-4 + 3)) + 1?
4
What is 1 - 7 - 1 - (-115 + 101)?
7
Evaluate 1 + (-1 - -2) + -1 + 4.
5
What is 3 - (-4 - -2) - 2?
3
What is 2 - (-2 + (6 - 3))?
1
What is -29 + 29 + (1 - -3)?
4
What is the value of 3 - ((9 - 8) + (-3 - -1))?
4
Calculate -2 + -2 + 0 + 4.
0
Calculate 7 - ((-2 - -10) + -4).
3
Calculate (0 - -10) + (43 - 52).
1
Evaluate (-4 - -6) + (-2 - (-4 - -1)).
3
Evaluate 60 + -52 - (9 - 1).
0
What is 3 + (0 - (3 + 5))?
-5
What is the value of -5 + (-7 - (-10 + 5)) + 1?
-6
Evaluate (2 - 16 - -14) + (-1 - 4).
-5
What is the value of (-4 - 2) + 10 - 4?
0
-8 + 12 - 15 - -11
0
Calculate 7 - ((4 - -1) + (-1 - 1)).
4
Calculate (1 - -5) + 12 + (11 - 29).
0
Calculate 3 + -5 - (-4 - -1).
1
7 - (-1 + -1 + 3 - -1)
5
Evaluate -1 + 7 + -4 - (2 + 1).
-1
What is the value 